(-8)/i is divided by 8?
6
Let b(m) = -6*m + 23. Calculate the remainder when b(-9) is divided by 2/9 + (-232)/(-9).
25
Let u be 9 - (-2)/(-4 + 2). Let w(d) = -d**3 + 7*d**2 + 9*d + 4. Let j be w(u). Suppose -y = y - j. What is the remainder when 11 is divided by y?
5
Let o be (2/3)/(2/39). Suppose 4*k - 7 - o = 0. Let u = k + 0. Calculate the remainder when 9 is divided by u.
4
Let w(t) = 7*t**2 + 3*t + 2. Suppose 0*c = 5*c, 5*c = -2*i - 4. Calculate the remainder when w(i) is divided by 13.
11
Let g = -16 + 14. Calculate the remainder when 11 is divided by 6 + g + 1 + -2.
2
Suppose -v = -5*p + 2*v + 102, -5*p - 5*v = -70. Calculate the remainder when 59 is divided by p.
5
Suppose 16 = 5*p - 69. Calculate the remainder when p is divided by 10.
7
Suppose 11*j - 13*j = -44. Calculate the remainder when 83 is divided by j.
17
Let p = 46 + 12. Suppose -5*t = -158 + p. Calculate the remainder when 58 is divided by t.
18
Calculate the remainder when -3*((-5)/((-10)/(-6)) + -2) is divided by 6.
3
Suppose 0 = 4*w + w + 75. Let o = w - -23. What is the remainder when o is divided by 3 + (0/2)/(-2)?
2
Calculate the remainder when (-936)/(-14) + (-10)/(-70) is divided by 17.
16
Suppose -2*w + 4*x + 50 = 0, -43 = -2*w - 7*x + 4*x. Calculate the remainder when 3*(-16)/(-36)*33 is divided by w.
21
Let g = 241 + -62. Suppose 5*f = -3*p + g, 22 = 3*f - 2*f - 4*p. What is the remainder when f is divided by 3/(3/2)*6?
10
Let j be 1*-4*75/(-20). Suppose 0 = 4*d + 1 + j. Calculate the remainder when 14 is divided by d/(-6) - 88/(-12).
6
Let v(f) = -17*f - 16. What is the remainder when 51 is divided by v(-2)?
15
Suppose -c + 10 = -5. Calculate the remainder when 26 is divided by c.
11
Let w(p) = 2*p**2 - 3*p + 3. Suppose 0*g = g + 1. Let n(i) = 9*i**2 + 2*i + 1. What is the remainder when w(-3) is divided by n(g)?
6
Suppose 5*q = -0*q + 5. Let t = 7 - 4. What is the remainder when t is divided by q?
0
Suppose 3 = -3*m, 5*m = -2*k + 15 - 2. Calculate the remainder when k is divided by 3.
0
Suppose -b + 0*b + 16 = 0. Calculate the remainder when b is divided by 5.
1
Let b = -29 - -41. What is the remainder when 21 is divided by b?
9
Suppose 143 = 4*r + 5*i, 2*r + 0*r + 2*i = 70. Suppose -n + 3*k = 6, -5*n - 2*k = -n - r. What is the remainder when 17 is divided by n?
5
Suppose 8*o + 82 - 578 = 0. Calculate the remainder when o is divided by 21.
20
Let v = -8 - -11. Suppose 6*q + 4*t = 3*q + 14, 2*q - 32 = v*t. What is the remainder when 18 is divided by q?
8
Let g = 28 + -8. Calculate the remainder when 17 is divided by 5/2*72/g.
8
Let y(n) = n**3 + 8*n**2 - 22*n - 8. Calculate the remainder when 17 is divided by y(-10).
5
Let u(b) = b**3 + 5*b**2 - 1. Let r be u(-2). Suppose 0 = k + 4*d + 20, -4*d = -2*k - 3*d - 13. Let w = k + r. What is the remainder when 4 is divided by w?
1
Let r = 134 + -117. What is the remainder when 83 is divided by r?
15
Suppose 5*o + 41 = 161. Calculate the remainder when 95 is divided by o.
23
What is the remainder when 66/44*(-56)/(-6) is divided by 5?
4
Suppose -a = -3*k + 44, 3*k + k - 48 = 4*a. What is the remainder when 61 is divided by k?
13
Let h be (3 - 27)/3*-1. Suppose 0 = 5*r - 5*z - 85, -4*r - 5*z + 40 - h = 0. What is the remainder when 37 is divided by r?
11
Let a = -13 + 18. Let v(f) = -2*f**3 - 3*f**2 - f - 2. Calculate the remainder when a is divided by v(-2).
1
Suppose 3*v - 2*u = 3*u + 77, -4*u = -3*v + 73. Suppose -4*b = 2*w + 38 - 146, w - 54 = -b. What is the remainder when w is divided by v?
16
Let q(b) be the second derivative of 1/2*b**4 - b**2 - 4*b + 0 - 1/20*b**5 - 1/2*b**3. Calculate the remainder when 15 is divided by q(5).
7
Let a(f) = f**3 - 3*f**2 + 3*f - 2. What is the remainder when 20 is divided by a(3)?
6
What is the remainder when (-2)/(-6) + (-190)/(-15) is divided by 7?
6
Suppose -4*g + 36 = -3*s - 17, -5*g = 2*s - 72. Suppose 8*x - 6*x - 6 = 0. Let b(u) = 2*u**2 - 3*u - 4. Calculate the remainder when g is divided by b(x).
4
Suppose -33*n + 18*n = -225. What is the remainder when 130 is divided by n?
10
Suppose 7*m = 4*m + 99. Calculate the remainder when 128 is divided by m.
29
Calculate the remainder when 146 is divided by (-184)/(-6) - (-8)/(-12).
26
Suppose -4*c = -2*c - 5*q - 22, -4 = 2*q. Let x(k) = k**3 - 6*k**2 - 3*k + 4. Let r be x(6). Let n = -3 - r. What is the remainder when n is divided by c?
5
Suppose -4*n = 2*b + 17 - 49, -3*b = 4*n - 40. Calculate the remainder when ((-35)/(-2))/(3/6) is divided by 2/8 - (-94)/b.
11
Let r(f) = 7*f - 3*f**2 - 3 + 6 + 6*f**2. Calculate the remainder when r(-5) is divided by 2/(-10) - (-380)/25.
13
Let s = 12 + -6. Let g(p) = -p**2 - p - 11. Let k be g(0). Let x = 15 + k. What is the remainder when s is divided by x?
2
Let w be (22/(-4))/(7/42). Let j = w + 76. Calculate the remainder when j is divided by 15.
13
What is the remainder when (-2)/(-2) + (4 - -81) is divided by 22?
20
Suppose 4*x = 2 + 18. Suppose -x*m - 365 = -5*j, -4*j + 3*m + 146 = -2*j. What is the remainder when j is divided by 19?
16
Let z(h) = 2*h - 9. Let b be z(9). Let q be b/12 + 3/12. Calculate the remainder when 10 is divided by 1 - 2 - (-4)/q.
1
What is the remainder when ((-78)/10)/(6/(-90)) is divided by 30?
27
Suppose 0 = 5*f - 20, 0 = 2*w + 2*w - 3*f - 1276. Let r be 8/36 + w/9. Suppose 0*u + 4*u = r. Calculate the remainder when 17 is divided by u.
8
Let b = 76 + -35. What is the remainder when b is divided by 2/(-3)*(-63)/2?
20
Suppose 4*v - 256 = -56. Calculate the remainder when v is divided by 17.
16
Let o be (-2)/(-13) + (-1854)/(-117). Suppose -113 = -z - o. What is the remainder when z is divided by 25?
22
Let z = -10 + 10. Suppose 4*y + t - 31 = z, -y + 3*t = -2*t - 13. What is the remainder when 31 is divided by y?
7
Suppose -17 - 138 = -5*d. Suppose 2 + 0 = w + h, -h + 20 = 4*w. Calculate the remainder when d is divided by -2*(-3)/w*11.
9
Let f = -10 - -14. Calculate the remainder when 13 is divided by f.
1
Suppose 69 = 3*n - 84. Let d = n + -31. What is the remainder when d is divided by 11?
9
Let q(c) = 3*c + 1. Suppose o + 27 = 4*o. Calculate the remainder when q(5) is divided by o.
7
Let r = 225 + -96. What is the remainder when ((-10)/15)/((-2)/r) is divided by 11?
10
Suppose 711 = 3*a + 6*a. Let h = 43 + -23. Calculate the remainder when a is divided by h.
19
Let i = 15 - 11. Suppose 2*t - i = 0, -5*r = -4*t + 2*t - 31. Calculate the remainder when 11 + 17 - (2 + -2 + 1) is divided by r.
6
Let l be (-6)/(0 + 2)*-1. Suppose 2*v = -v + 9. Suppose -5*f - l*i - 2*i + 45 = 0, 3 = v*i. Calculate the remainder when f is divided by 5.
3
Suppose -5 = 2*i - 13. Let m be -2*1/(-2) + 0. Suppose -2*o - m = -13. What is the remainder when o is divided by i?
2
Let x be 10/4 + 9/18. What is the remainder when 79 is divided by 7/21 - (-59)/x?
19
Suppose -4*h + 20 = -32. Calculate the remainder when 32 is divided by h.
6
Let o = 63 - 105. Let m = -51 + -12. Let b = o - m. Calculate the remainder when b is divided by 11.
10
Suppose -98 = -3*x + 5*q, 2*x = 4*x + 5*q - 57. What is the remainder when x is divided by 8?
7
Let a be (-7)/(-4) - 1/(-4). Suppose 5*y + 4*u - 45 = 0, 2*y - 30 = -a*y - 2*u. Suppose 9*w = 37 + 35. What is the remainder when w is divided by y?
3
Let w(r) = r**2 - 5*r + 4. Calculate the remainder when (-22)/3*(-27)/18 is divided by w(5).
3
Let j(r) = -14*r + 2 - 8 - 15*r. Let i be j(-4). Let l = -78 + i. Calculate the remainder when l is divided by 17.
15
Let r = -10 + 13. Suppose 3*i - h - 41 = -0*i, 4*i = -r*h + 46. Calculate the remainder when 50 is divided by i.
11
Let q(g) = g**3 - 4*g**2 + 1. Let t be q(4). Calculate the remainder when 43 is divided by (13 - -2) + (1 - t).
13
Let l = 57 - 34. Let h = 61 - l. Calculate the remainder when h is divided by 13.
12
Suppose -4*a = -2*u + 10, -3*u + 4*a + 1 = -4*u. Let h(o) = -o**3 + 2*o + 1. Let y be (3 - 2)*6/(-3). What is the remainder when h(y) is divided by u?
2
Let h = -63 - -140. What is the remainder when h is divided by 13?
12
Suppose -2*q = -2*p - 4, -4*q + q + 16 = 2*p. Let d(x) = -5*x - 2. What is the remainder when q is divided by d(-1)?
1
Suppose 4*j - 9 = -1. Suppose -j*k + 33 = k. Calculate the remainder when k is divided by 2/8 + (-15)/(-4).
3
Suppose -2*u - 36 = -2*o - u, 5*u = 5*o 